{"id":419,"date":"2025-06-26T18:19:29","date_gmt":"2025-06-26T21:19:29","guid":{"rendered":"https:\/\/tglobal.com.ar\/?product=producto-39"},"modified":"2025-06-28T00:10:13","modified_gmt":"2025-06-28T03:10:13","slug":"producto-39","status":"publish","type":"product","link":"https:\/\/tglobal.com.ar\/?product=producto-39","title":{"rendered":"Placa Wifi NIC Control"},"content":{"rendered":"<p>Desde la NIC Control el usuario podr\u00e1 en tiempo real activar\/desactivar una alarma, chequear el estado de la bater\u00eda, acceder a un listado de los \u00faltimos eventos de la alarma<br \/>\n(por ej, ver a que hora se activo\/desactivo la alarma, etc.), tambi\u00e9n tendr\u00e1 la posibilidad enviar una alerta de p\u00e1nico).<br \/>\nAsimismo, el usuario recibir\u00e1 el alerta de disparo de la sirena de la alarma en tiempo real pudiendo actuar en consecuencia.<br \/>\nUna de las ventajas del sistema es que el usuario tendr\u00e1 sus alarmas siempre en l\u00ednea, independientemente del lugar geogr\u00e1fico donde se encuentre, solo se requerir\u00e1 que su\/sus dispositivos Android o IOS (tel. celular, tablet, etc.) est\u00e9n conectados v\u00eda wifi.<\/p>\n","protected":false},"excerpt":{"rendered":"<p>Desde la NIC Control el usuario podr\u00e1 en tiempo real activar\/desactivar una alarma, chequear el estado de la bater\u00eda, acceder a un listado de los \u00faltimos eventos de la alarma&hellip;<\/p>\n","protected":false},"featured_media":533,"template":"","meta":[],"product_brand":[59],"product_cat":[54],"product_tag":[],"class_list":{"0":"post-419","1":"product","2":"type-product","3":"status-publish","4":"has-post-thumbnail","6":"product_brand-electroperimetros","7":"product_cat-accesorios","9":"first","10":"instock","11":"sale","12":"taxable","13":"shipping-taxable","14":"purchasable","15":"product-type-simple"},"_links":{"self":[{"href":"https:\/\/tglobal.com.ar\/index.php?rest_route=\/wp\/v2\/product\/419","targetHints":{"allow":["GET"]}}],"collection":[{"href":"https:\/\/tglobal.com.ar\/index.php?rest_route=\/wp\/v2\/product"}],"about":[{"href":"https:\/\/tglobal.com.ar\/index.php?rest_route=\/wp\/v2\/types\/product"}],"wp:featuredmedia":[{"embeddable":true,"href":"https:\/\/tglobal.com.ar\/index.php?rest_route=\/wp\/v2\/media\/533"}],"wp:attachment":[{"href":"https:\/\/tglobal.com.ar\/index.php?rest_route=%2Fwp%2Fv2%2Fmedia&parent=419"}],"wp:term":[{"taxonomy":"product_brand","embeddable":true,"href":"https:\/\/tglobal.com.ar\/index.php?rest_route=%2Fwp%2Fv2%2Fproduct_brand&post=419"},{"taxonomy":"product_cat","embeddable":true,"href":"https:\/\/tglobal.com.ar\/index.php?rest_route=%2Fwp%2Fv2%2Fproduct_cat&post=419"},{"taxonomy":"product_tag","embeddable":true,"href":"https:\/\/tglobal.com.ar\/index.php?rest_route=%2Fwp%2Fv2%2Fproduct_tag&post=419"}],"curies":[{"name":"wp","href":"https:\/\/api.w.org\/{rel}","templated":true}]}}